divided by 18?
13
Suppose -k = -38 - 27. Calculate the remainder when k is divided by 23.
19
Suppose 5*p - 32 = p - 3*v, -4*v = -16. Calculate the remainder when 9 is divided by p.
4
Let j = 358 + -353. Let f(q) = -q**2 - 5*q - 6. Let z be f(-5). Calculate the remainder when j is divided by 3/(z/(-10)) + -2.
2
Let r(u) = u**3 - 5*u**2 - 5*u - 3. Let d be r(6). What is the remainder when 59 is divided by 15 + (0 - -3 - d)?
14
Suppose 4*j = -j. Suppose -2*q + 5*m - 4 = -j*q, 22 = 4*q + 5*m. Let r(v) = 2*v**2 - 2*v - 1. What is the remainder when r(-1) is divided by q?
0
Suppose 0 = -4*x - 5*g + 68, 4*x = -g + 38 + 30. Let y = -3 + x. What is the remainder when 53 is divided by y?
11
Let j = 100 + -60. Suppose -2*v - 28 = -2*g, 3*v - 42 = -3*g - 0*g. Calculate the remainder when j is divided by g.
12
Suppose 0 = -2*w - d + 13, 2*w = -5*d - 4 - 3. What is the remainder when 34 is divided by w?
7
Let b(z) = -z**3 - 9*z**2 - 7*z + 11. Suppose -5*r - 3*j + 7 = 0, j + j = -2*r + 6. Let m = r - -8. Calculate the remainder when m is divided by b(-8).
1
Let x be (-5)/2*-1*6. Suppose -x = 2*v - 1. Let o(g) = g**2 + 4*g - 1. What is the remainder when o(v) is divided by 11?
9
Let j(v) = 3*v**2 - 13*v + 1. Let i(z) = -7*z**2 + 26*z - 3. Let l(y) = -2*i(y) - 5*j(y). What is the remainder when l(6) is divided by 23?
20
Suppose -5*p - 5*n - 30 = 0, -5*p - 2*n = 21 + 3. What is the remainder when 2/p + (-105)/(-14) is divided by 3?
1
Let t = 35 + -20. Calculate the remainder when t is divided by 9.
6
Suppose 4*j - 4 = 2*g - 10, 0 = 5*j. Let v = 36 + -16. Let k = -12 + v. What is the remainder when k is divided by g?
2
Suppose s + 3*o - 12 = 2*s, 5*s + 5*o + 60 = 0. Let p = 17 + s. Calculate the remainder when p is divided by 4.
1
Let i = 6 + -9. Calculate the remainder when (-98)/(-3) - (-2)/i is divided by 11.
10
What is the remainder when 140/25 - (-6)/(-10) is divided by -3*(-1 + 3)/(-2)?
2
Suppose 2*l = -3 + 11. Suppose -97 = -l*z - 17. Suppose 2*w + 14 = 4*w. Calculate the remainder when z is divided by w.
6
Suppose 43 = 5*x + 3*u, -u = -9*x + 4*x + 59. What is the remainder when 73 is divided by x?
7
Let q(r) = r**3 - r**2 - 6*r. Let u = -55 + 73. Calculate the remainder when q(5) is divided by u.
16
Suppose -6*q + 57 = -3*q. Let y be 3/(6/(-16)) - 0. What is the remainder when q is divided by -2 + 1/1 - y?
5
What is the remainder when -2 - (-181)/6 - 6/36 is divided by 10?
8
Let i(u) = -u**2 + u + 1. Let f = 7 - 4. What is the remainder when f is divided by i(0)?
0
Suppose 113 = z + 3*l + 2*l, 2*z - 2*l = 190. What is the remainder when z is divided by 20?
18
What is the remainder when 204/(-8)*(-2)/3 is divided by 10?
7
Suppose l + 3*j = 5*j - 5, -4*l + j = -8. What is the remainder when 11 is divided by l?
2
Let w(z) = 8*z**2 + 2*z + 9. What is the remainder when w(-3) is divided by 13?
10
Calculate the remainder when 27 is divided by 13 - (-3 + 6)*1.
7
Suppose 2*o - 72 = -4*k - 2*o, -60 = -4*k + 2*o. What is the remainder when k is divided by 7?
2
Let z = 145 + -79. What is the remainder when z is divided by 17?
15
Suppose 2*q - 5*o = -9, -3 = -2*q + o - 0*o. What is the remainder when 15 is divided by ((-4)/8)/(q/(-36))?
3
Suppose 0 = 5*m + 56 - 186. Suppose -4*s + 10 = 4*g - 2*s, -5 = 4*g - s. Let k(p) = p**2 + 9. Calculate the remainder when m is divided by k(g).
8
Let l = 75 - 8. What is the remainder when l is divided by (-23)/(-2*1 + 1)?
21
Let c = 6 - 13. Let j be (-1)/(-2) - c/2. Suppose 4 = 4*w + 4*f, -19 = -j*w + f - 2*f. Calculate the remainder when 10 is divided by w.
4
Let w(u) = -u**3 + 8*u**2 - 4*u - 10. What is the remainder when w(7) is divided by 4?
3
Let r(y) = -y**3 + 9*y**2 + 15*y - 9. Let c be r(10). Let j = c - -21. Calculate the remainder when j is divided by 16.
14
Suppose -4*l + 9*l + 2*f = 12, 4*l - f = 7. Let t = 1 + 1. What is the remainder when l is divided by t?
0
Suppose 9*a - 1132 = -277. What is the remainder when a is divided by 16?
15
Let q(g) = g**3 - 9*g**2 + g - 7. Let j be q(9). Suppose -128 = -j*u - 14. Calculate the remainder when u is divided by 15.
12
What is the remainder when (-27)/(-2) + 1/(-2) - -3 is divided by 3?
1
Calculate the remainder when 249/15 - 2/(-5) is divided by (-4)/(2 + 0) - -11.
8
Suppose -45 = -9*q + 4*q. Let w(y) = 7*y - 2. Calculate the remainder when w(4) is divided by q.
8
Let j(q) = -q + 6. Let g(o) = 4*o**2 + o - 2. Let i be g(-2). Suppose -4*h + i = -8. Calculate the remainder when j(-7) is divided by h.
3
Suppose -5*q + 0*q - 135 = 0. Let j = 43 + q. Calculate the remainder when 30 is divided by j.
14
Let x(i) be the second derivative of -i**5/20 + i**4/3 + i**2 + 2*i. Let a be x(3). Suppose -a + 68 = 3*l. What is the remainder when 36 is divided by l?
17
Suppose -l - 4*m + 2*m + 16 = 0, 0 = 2*l + 5*m - 34. What is the remainder when 46 is divided by l?
10
Suppose 4*y - 8*y = -2*r + 6, r + 2*y = 3. Let w(z) be the second derivative of z**4/12 + 2*z**2 + 3*z. Calculate the remainder when 37 is divided by w(r).
11
Suppose -k = -4*z - 21, -3*k + 2*k + z + 15 = 0. What is the remainder when k is divided by 8?
5
Let v(x) = x**2 - 7*x + 4. Let n be v(7). Suppose -n*i - 4*p + 31 = 7, -5*i + 66 = -4*p. What is the remainder when 19 is divided by i?
9
Calculate the remainder when 41 is divided by 100/7 + (-2)/7.
13
Let r = -66 - -44. Let m = 39 + r. Suppose -50 - 100 = -3*o. What is the remainder when o is divided by m?
16
Let o(r) = -r**3 + 2*r**2 + 5*r - 3. Let w be o(3). Suppose w*h = h + 28. Calculate the remainder when h is divided by 4.
2
Suppose 0 = 6*j + 19 - 49. What is the remainder when j is divided by 2?
1
Suppose 5*w - 62 = -7. What is the remainder when ((-4)/10)/((8 - 0)/(-840)) is divided by w?
9
Suppose -7*l + 190 + 48 = 0. Calculate the remainder when l is divided by 9.
7
Let t(x) = 3*x**3 - 25*x**2 + 30*x + 39. Let p(z) = z**3 - 8*z**2 + 10*z + 13. Let b(n) = -8*p(n) + 3*t(n). Calculate the remainder when 38 is divided by b(10).
12
Suppose 2*y = -0*y - 32. What is the remainder when (-834)/y + (-8)/64 is divided by 18?
16
Suppose p - 5*z = 27, -5*z + 8 = p + 31. Calculate the remainder when p is divided by 1.
0
Let j = -8 + 24. Suppose -w + j = -5*w. Let m(l) = -l**2 - 8*l + 2. Calculate the remainder when 52 is divided by m(w).
16
Let l(d) = d - 3*d**3 + 2*d**3 - 4*d**2 - 4*d. Let j be l(-2). Let v = j - -6. What is the remainder when 11 is divided by v?
3
Let n(d) = 3*d**2 + 2*d - 1. Let p(v) = -v + 5. Let y be p(4). Let f be n(y). Suppose 0 = 2*h - f*h + 30. Calculate the remainder when h is divided by 6.
3
Let z(i) = -1 + 1 + 5 - 8*i - i**2. Let u be z(-4). Suppose 6 = n + 4*f - 3*f, u = n - 4*f. What is the remainder when n is divided by 5?
4
Let p(j) = j**2 - 6*j - 6. Suppose -2*y + 0*y = -16. What is the remainder when 37 is divided by p(y)?
7
Suppose -4*k = 2*o - 26, o + 5*k = 2*o - 34. Suppose 0 = -5*a - 9 + 59. What is the remainder when o is divided by a?
9
Suppose 18*b - 10*b - 88 = 0. What is the remainder when 52 is divided by b?
8
Suppose 0 = 5*a - 103 - 27. Suppose 0 = 2*o - 4*o + 2*v + a, 4*v + 66 = 5*o. Suppose 6*k - 8 = 5*k. What is the remainder when o is divided by k?
6
Suppose -5*n + 1 = -59. What is the remainder when 42/(-8)*(4 - 8) is divided by n?
9
Let w be -36*(-3 + 14/4). Let x(p) = -p**3 - p**2 + 7. Calculate the remainder when 8/(-36) - 238/w is divided by x(0).
6
Suppose 0 = o - 5*o + 132. Suppose 0 = 34*p - 648 + 36. Calculate the remainder when o is divided by p.
15
Let u = 224 + -154. What is the remainder when u is divided by 37?
33
Let m(q) = q. Let v be m(3). Let k(c) = 16*c + 1. What is the remainder when k(v) is divided by 13?
10
Let i(d) = -6*d - 1. Let j be i(-1). Let s = 27 - j. Calculate the remainder when 42 is divided by s.
20
Let k(z) = 2*z**2 - 3*z - 2. Let t(o) = o + 3. What is the remainder when k(-2) is divided by t(4)?
5
Suppose 2*q - 12 = -q. Suppose 0 = 8*t - q*t - 8. Let f = -5 - -9. What is the remainder when f is divided by t?
0
Suppose -8 = -0*p - 2*p. Suppose -p*a + 0*a + 8 = 0. Calculate the remainder when 1 is divided by (a + (2 - 5))*-1.
0
Let t be (-8)/24 + (-13)/(-3). Suppose r + 2*b - 26 = -r, 0 = -3*r + t*b + 11. What is the remainder when 34 is divided by r?
7
Let h = 4 + -4. Suppose i + h = 2*p + 4